{"id":2,"date":"2010-02-24T19:00:01","date_gmt":"2010-02-24T18:00:01","guid":{"rendered":"http:\/\/127.0.0.1\/wordpress_seitz\/?page_id=2"},"modified":"2026-04-01T10:44:25","modified_gmt":"2026-04-01T08:44:25","slug":"eine-seite","status":"publish","type":"page","link":"https:\/\/seitz-tuchen.de\/","title":{"rendered":"Home"},"content":{"rendered":"<p style=\"margin-top: 10px;\">Wir begr\u00fc\u00dfen Sie herzlich auf unserer Website. Hier finden Sie Informationen \u00fcber unsere Praxis, unsere Leistungen und \u00fcber unser Team.<\/p>\n<p>Wir sind Fach\u00e4rzte f\u00fcr Innere Medizin und Allgemeinmedizin und besitzen zudem die Zusatzbezeichnungen Diabetologie, und Notfallmedizin.<\/p>\n<p>************************************************************************<\/p>\n<p><strong><span style=\"color: #ff0000;\">\u00a0 \u00a0 \u00a0 \u00a0 \u00a0 \u00a0 \u00a0 \u00a0 \u00a0 \u00a0 \u00a0!ACHTUNG! Neue Sprechzeiten ab 01.04.2026\u00a0<\/span>\u00a0 \u00a0 \u00a0 \u00a0 \u00a0 \u00a0 \u00a0 \u00a0 \u00a0 \u00a0 \u00a0 \u00a0 \u00a0 \u00a0 \u00a0 \u00a0 \u00a0 \u00a0 \u00a0 \u00a0 \u00a0 \u00a0 \u00a0 \u00a0 \u00a0 \u00a0 \u00a0 \u00a0 \u00a0 \u00a0 \u00a0 \u00a0 \u00a0 \u00a0Unter Aktuelles k\u00f6nnen Sie weitere Informationen einsehen!<\/strong><\/p>\n<table border=\"0\" width=\"600\" cellspacing=\"1\" cellpadding=\"2\" bgcolor=\"#d0d0d0\">\n<tbody>\n<tr>\n<th colspan=\"5\">Unsere Sprechzeiten sind:<\/th>\n<\/tr>\n<tr>\n<td>Montag<\/td>\n<td>Dienstag<\/td>\n<td>Mittwoch<\/td>\n<td>Donnerstag<\/td>\n<td>Freitag<\/td>\n<\/tr>\n<tr>\n<td>8 &#8211; 12 Uhr<\/td>\n<td>8 &#8211; 12 Uhr<\/td>\n<td>8 &#8211; 12 Uhr<\/td>\n<td>8 &#8211; 12 Uhr<\/td>\n<td>8 &#8211; 12 Uhr<\/td>\n<\/tr>\n<tr>\n<td>15-17 Uhr<\/td>\n<td>15-17 Uhr<\/td>\n<td><\/td>\n<td>17 &#8211; 19 Uhr<\/td>\n<td><\/td>\n<\/tr>\n<\/tbody>\n<\/table>\n<p style=\"text-align: center;\">\n<p>Bitte vereinbaren Sie einen Termin unter 05601 \/ 8011. Vielen Dank.<\/p>\n<p>Ab sofort k\u00f6nnen Sie sich f\u00fcr akute Beschwerden \/ Infekte per Onlinekalender \u00fcber folgenden Link einen Termin buchen:<\/p>\n<p><a href=\"https:\/\/app.arzt-direkt.de\/praxis-seitz-und-tuchen\/booking\"><span style=\"color: #ff0000;\">https:\/\/app.arzt-direkt.de\/praxis-seitz-und-tuchen\/booking<\/span><\/a><\/p>\n<p>Die Onlinebuchung ist nur f\u00fcr Bestandspatienten m\u00f6glich.<\/p>\n<p>Wenn Sie mit uns Kontakt aufnehmen m\u00f6chten, rufen Sie uns einfach an oder besuchen Sie uns in unserer Praxis. Ihre Meinung k\u00f6nnen Sie uns auch gerne per im Kontaktformular mitteilen.<\/p>\n<p>Sie finden unsere Praxis im Kampfeldweg 9 in 34225 Baunatal-Gro\u00dfenritte (siehe <a href=\"https:\/\/www.seitz-tegtmeyer.de\/?page_id=407\/\">Lage \/ Anfahrt<\/a>).<\/p>\n<div id=\"kasten\">\n<p><strong>Aktuelles:<\/strong><\/p>\n<p>Online-Bestellung, Urlaub und anderes (<a href=\"https:\/\/www.seitz-tegtmeyer.de\/?page_id=5\">mehr&#8230;<\/a>)<\/p>\n<\/div>\n","protected":false},"excerpt":{"rendered":"<p>Wir begr\u00fc\u00dfen Sie herzlich auf unserer Website. Hier finden Sie Informationen \u00fcber unsere Praxis, unsere Leistungen und \u00fcber unser Team. Wir sind Fach\u00e4rzte f\u00fcr Innere Medizin und Allgemeinmedizin und besitzen zudem die Zusatzbezeichnungen Diabetologie, und Notfallmedizin. ************************************************************************ \u00a0 \u00a0 \u00a0 \u00a0 \u00a0 \u00a0 \u00a0 \u00a0 \u00a0 \u00a0 \u00a0!ACHTUNG! Neue Sprechzeiten ab 01.04.2026\u00a0\u00a0 \u00a0 \u00a0 \u00a0 [&hellip;]<\/p>\n","protected":false},"author":1,"featured_media":0,"parent":0,"menu_order":1,"comment_status":"open","ping_status":"open","template":"","meta":[],"_links":{"self":[{"href":"https:\/\/seitz-tuchen.de\/index.php?rest_route=\/wp\/v2\/pages\/2"}],"collection":[{"href":"https:\/\/seitz-tuchen.de\/index.php?rest_route=\/wp\/v2\/pages"}],"about":[{"href":"https:\/\/seitz-tuchen.de\/index.php?rest_route=\/wp\/v2\/types\/page"}],"author":[{"embeddable":true,"href":"https:\/\/seitz-tuchen.de\/index.php?rest_route=\/wp\/v2\/users\/1"}],"replies":[{"embeddable":true,"href":"https:\/\/seitz-tuchen.de\/index.php?rest_route=%2Fwp%2Fv2%2Fcomments&post=2"}],"version-history":[{"count":0,"href":"https:\/\/seitz-tuchen.de\/index.php?rest_route=\/wp\/v2\/pages\/2\/revisions"}],"wp:attachment":[{"href":"https:\/\/seitz-tuchen.de\/index.php?rest_route=%2Fwp%2Fv2%2Fmedia&parent=2"}],"curies":[{"name":"wp","href":"https:\/\/api.w.org\/{rel}","templated":true}]}}