{"id":42,"date":"2010-03-02T15:12:05","date_gmt":"2010-03-02T14:12:05","guid":{"rendered":"http:\/\/127.0.0.1\/wordpress_seitz\/?page_id=42"},"modified":"2023-12-22T12:11:17","modified_gmt":"2023-12-22T11:11:17","slug":"medizinische-grundversorgung","status":"publish","type":"page","link":"https:\/\/seitz-tuchen.de\/?page_id=42","title":{"rendered":"Medizinische Grundversorgung"},"content":{"rendered":"<p>Folgende Basisleistungen bieten wir an:<\/p>\n<ul>\n<li>Haus\u00e4rztliche Grundversorgung<\/li>\n<li>Internistische Diagnostik und Therapie<\/li>\n<li>Vorsorgeuntersuchungen<\/li>\n<li>Diabetikerbetreuung<\/li>\n<li>Haus- und Heimbesuche<\/li>\n<li>Laboruntersuchungen (teils direkt vor Ort)<\/li>\n<li>EKG<\/li>\n<li>Belastungs-EKG (Fahrradergometer)<\/li>\n<li>Lungenfunktionspr\u00fcfung<\/li>\n<li>Ultraschalluntersuchungen (Schilddr\u00fcse, Bauchorgane, Gef\u00e4\u00dfe)<\/li>\n<li>Impfungen<\/li>\n<\/ul>\n","protected":false},"excerpt":{"rendered":"<p>Folgende Basisleistungen bieten wir an: Haus\u00e4rztliche Grundversorgung Internistische Diagnostik und Therapie Vorsorgeuntersuchungen Diabetikerbetreuung Haus- und Heimbesuche Laboruntersuchungen (teils direkt vor Ort) EKG Belastungs-EKG (Fahrradergometer) Lungenfunktionspr\u00fcfung Ultraschalluntersuchungen (Schilddr\u00fcse, Bauchorgane, Gef\u00e4\u00dfe) Impfungen<\/p>\n","protected":false},"author":1,"featured_media":0,"parent":31,"menu_order":1,"comment_status":"open","ping_status":"open","template":"","meta":[],"_links":{"self":[{"href":"https:\/\/seitz-tuchen.de\/index.php?rest_route=\/wp\/v2\/pages\/42"}],"collection":[{"href":"https:\/\/seitz-tuchen.de\/index.php?rest_route=\/wp\/v2\/pages"}],"about":[{"href":"https:\/\/seitz-tuchen.de\/index.php?rest_route=\/wp\/v2\/types\/page"}],"author":[{"embeddable":true,"href":"https:\/\/seitz-tuchen.de\/index.php?rest_route=\/wp\/v2\/users\/1"}],"replies":[{"embeddable":true,"href":"https:\/\/seitz-tuchen.de\/index.php?rest_route=%2Fwp%2Fv2%2Fcomments&post=42"}],"version-history":[{"count":0,"href":"https:\/\/seitz-tuchen.de\/index.php?rest_route=\/wp\/v2\/pages\/42\/revisions"}],"up":[{"embeddable":true,"href":"https:\/\/seitz-tuchen.de\/index.php?rest_route=\/wp\/v2\/pages\/31"}],"wp:attachment":[{"href":"https:\/\/seitz-tuchen.de\/index.php?rest_route=%2Fwp%2Fv2%2Fmedia&parent=42"}],"curies":[{"name":"wp","href":"https:\/\/api.w.org\/{rel}","templated":true}]}}