{"id":61,"date":"2010-03-02T15:38:41","date_gmt":"2010-03-02T14:38:41","guid":{"rendered":"http:\/\/127.0.0.1\/wordpress_seitz\/?page_id=61"},"modified":"2023-12-22T12:13:21","modified_gmt":"2023-12-22T11:13:21","slug":"qualitatsmanagementfortbildung","status":"publish","type":"page","link":"https:\/\/seitz-tuchen.de\/?page_id=61","title":{"rendered":"Qualit\u00e4tsmanagement"},"content":{"rendered":"<p>Seit Anfang 2009 betreiben wir in unserer Praxis ein komplexes <strong>Qualit\u00e4tsmanagementsystem<\/strong>. Viele Abl\u00e4ufe des Praxisalltags sind hier nach Standards definiert und erlauben uns auch eine stetige Kontrolle von Diagnostik und Behandlung. Dazu geh\u00f6ren auch ein Hygieneplan und ein Fehlermanagement.<br \/>\nIn festen Intervallen f\u00fchren wir auch anonyme Patientenbefragungen durch, um unsere Abl\u00e4ufe weiter zu verbessern.<\/p>\n<p><strong>Fortbildungen<\/strong> sind f\u00fcr \u00c4rzte und Medizinische Fachangestellte verpflichtend. So k\u00f6nnen wir einerseits einen stets aktuellen Wissensstand in wichtigen medizinischen und gesundheitspolitischen Bereichen garantieren. Zum anderen halten uns regelm\u00e4\u00dfige <strong>Notfallkurse<\/strong> fit f\u00fcr den Fall, der hoffentlich nie eintritt\u2026<\/p>\n","protected":false},"excerpt":{"rendered":"<p>Seit Anfang 2009 betreiben wir in unserer Praxis ein komplexes Qualit\u00e4tsmanagementsystem. Viele Abl\u00e4ufe des Praxisalltags sind hier nach Standards definiert und erlauben uns auch eine stetige Kontrolle von Diagnostik und Behandlung. Dazu geh\u00f6ren auch ein Hygieneplan und ein Fehlermanagement. In festen Intervallen f\u00fchren wir auch anonyme Patientenbefragungen durch, um unsere Abl\u00e4ufe weiter zu verbessern. Fortbildungen [&hellip;]<\/p>\n","protected":false},"author":1,"featured_media":0,"parent":31,"menu_order":5,"comment_status":"open","ping_status":"open","template":"","meta":[],"_links":{"self":[{"href":"https:\/\/seitz-tuchen.de\/index.php?rest_route=\/wp\/v2\/pages\/61"}],"collection":[{"href":"https:\/\/seitz-tuchen.de\/index.php?rest_route=\/wp\/v2\/pages"}],"about":[{"href":"https:\/\/seitz-tuchen.de\/index.php?rest_route=\/wp\/v2\/types\/page"}],"author":[{"embeddable":true,"href":"https:\/\/seitz-tuchen.de\/index.php?rest_route=\/wp\/v2\/users\/1"}],"replies":[{"embeddable":true,"href":"https:\/\/seitz-tuchen.de\/index.php?rest_route=%2Fwp%2Fv2%2Fcomments&post=61"}],"version-history":[{"count":0,"href":"https:\/\/seitz-tuchen.de\/index.php?rest_route=\/wp\/v2\/pages\/61\/revisions"}],"up":[{"embeddable":true,"href":"https:\/\/seitz-tuchen.de\/index.php?rest_route=\/wp\/v2\/pages\/31"}],"wp:attachment":[{"href":"https:\/\/seitz-tuchen.de\/index.php?rest_route=%2Fwp%2Fv2%2Fmedia&parent=61"}],"curies":[{"name":"wp","href":"https:\/\/api.w.org\/{rel}","templated":true}]}}