{"id":82,"date":"2010-03-02T16:30:05","date_gmt":"2010-03-02T15:30:05","guid":{"rendered":"http:\/\/127.0.0.1\/wordpress_seitz\/?page_id=82"},"modified":"2024-12-19T17:48:18","modified_gmt":"2024-12-19T16:48:18","slug":"impressum","status":"publish","type":"page","link":"https:\/\/seitz-tuchen.de\/?page_id=82","title":{"rendered":"Impressum"},"content":{"rendered":"<p>Berufsaus\u00fcbungsgemeinschaft (BAG)<br \/>\nDr. med. Michael Seitz, Markus Tuchen<br \/>\nKampfeldweg 9<br \/>\n34225 Baunatal-Gro\u00dfenritte<\/p>\n<p>Fon: 05601 \/ 8011<br \/>\nFax: 05601 \/ 87770<\/p>\n<p>Pflichtangaben gem\u00e4\u00df Teledienstgesetz<br \/>\nMit der \u00c4nderung des Teledienstgesetzes vom 21.12.2001 sind \u00c4rzte neben der Angabe des Namens, der Anschrift und der eMail-Adresse zu folgenden Angaben verpflichtet:<\/p>\n<p>Mitgliedschaft \u00c4rztekammer und Kassen\u00e4rztliche Vereinigung (KV)<br \/>\nDr. med. Michael Seitz und Markus Tuchen sind Mitglieder der <a href=\"http:\/\/www.laekh.de\" target=\"_blank\" rel=\"noopener noreferrer\">\u00c4rztekammer Hessen<\/a> und der <a href=\"https:\/\/www.kvhessen.de\/\" target=\"_blank\" rel=\"noopener noreferrer\">KV Hessen<\/a>.<\/p>\n<p>Angabe des Erwerbs der Berufbezeichnung<br \/>\nDr. med. Michael Seitz und Markus Tuchen wurde die Erlaubnis zum F\u00fchren der Berufsbezeichnung &#8222;Arzt&#8220; in Deutschland verliehen.<\/p>\n<p>Hinweis\/Links auf die Berufsordnung und zum Hessischen Heilberufsgesetz<br \/>\n<a href=\"https:\/\/www.laekh.de\/fileadmin\/user_upload\/Aerzte\/Rund_ums_Recht\/Rechtsquellen\/Berufsordnung.pdf\" target=\"_blank\" rel=\"noopener noreferrer\">Berufsordnung f\u00fcr die \u00c4rztinnen und \u00c4rzte in Hessen<\/a><\/p>\n<p><a href=\"https:\/\/www.laekh.de\/fileadmin\/user_upload\/Aerzte\/Rund_ums_Recht\/Rechtsquellen\/Heilberufsgesetz.pdf\" target=\"_blank\" rel=\"noopener noreferrer\">Hessisches Heilberufsgesetz<\/a><\/p>\n<p>Sie k\u00f6nnen zudem die Suchfunktion der Website der <a href=\"http:\/\/www.laekh.de\" target=\"_blank\" rel=\"noopener noreferrer\">www.laekh.de<\/a> mit den Begriffen \u201eBerufsordnung\u201c bzw. mit \u201eHeilberufsgesetz\u201c verwenden.<\/p>\n<p>Verantwortlich f\u00fcr den Inhalt<br \/>\nDr. med. Michael Seitz und Markus Tuchen<br \/>\nAdressdaten s.o.<\/p>\n<p>Copyright \u00a9 Dr. med. Michael Seitz und Markus Tuchen.<br \/>\nAlle Rechte vorbehalten. Alle Inhalte unterliegen dem Urheberrecht und anderen Gesetzen zum Schutz geistigen Eigentums. Sie d\u00fcrfen weder f\u00fcr Handelszwecke oder zur Weitergabe kopiert, noch ver\u00e4ndert und auf anderen Web-Sites verwendet werden.<\/p>\n<div><\/div>\n<div><\/div>\n<div><\/div>\n","protected":false},"excerpt":{"rendered":"<p>Berufsaus\u00fcbungsgemeinschaft (BAG) Dr. med. Michael Seitz, Markus Tuchen Kampfeldweg 9 34225 Baunatal-Gro\u00dfenritte Fon: 05601 \/ 8011 Fax: 05601 \/ 87770 Pflichtangaben gem\u00e4\u00df Teledienstgesetz Mit der \u00c4nderung des Teledienstgesetzes vom 21.12.2001 sind \u00c4rzte neben der Angabe des Namens, der Anschrift und der eMail-Adresse zu folgenden Angaben verpflichtet: Mitgliedschaft \u00c4rztekammer und Kassen\u00e4rztliche Vereinigung (KV) Dr. med. Michael [&hellip;]<\/p>\n","protected":false},"author":1,"featured_media":0,"parent":0,"menu_order":10,"comment_status":"open","ping_status":"open","template":"","meta":[],"_links":{"self":[{"href":"https:\/\/seitz-tuchen.de\/index.php?rest_route=\/wp\/v2\/pages\/82"}],"collection":[{"href":"https:\/\/seitz-tuchen.de\/index.php?rest_route=\/wp\/v2\/pages"}],"about":[{"href":"https:\/\/seitz-tuchen.de\/index.php?rest_route=\/wp\/v2\/types\/page"}],"author":[{"embeddable":true,"href":"https:\/\/seitz-tuchen.de\/index.php?rest_route=\/wp\/v2\/users\/1"}],"replies":[{"embeddable":true,"href":"https:\/\/seitz-tuchen.de\/index.php?rest_route=%2Fwp%2Fv2%2Fcomments&post=82"}],"version-history":[{"count":0,"href":"https:\/\/seitz-tuchen.de\/index.php?rest_route=\/wp\/v2\/pages\/82\/revisions"}],"wp:attachment":[{"href":"https:\/\/seitz-tuchen.de\/index.php?rest_route=%2Fwp%2Fv2%2Fmedia&parent=82"}],"curies":[{"name":"wp","href":"https:\/\/api.w.org\/{rel}","templated":true}]}}